{"id":643,"date":"2023-05-13T22:34:46","date_gmt":"2023-05-13T22:34:46","guid":{"rendered":"https:\/\/solucionsolar.cl\/solar\/producto\/enchufe-macho-volante-2p-10a-negro-lexo\/"},"modified":"2023-05-13T22:34:46","modified_gmt":"2023-05-13T22:34:46","slug":"enchufe-macho-volante-2p-10a-negro-lexo","status":"publish","type":"product","link":"https:\/\/solucionsolar.cl\/solar\/producto\/enchufe-macho-volante-2p-10a-negro-lexo\/","title":{"rendered":"Enchufe Macho volante 2P 10A Negro LEXO"},"content":{"rendered":"<p>El Enchufe Macho Volante 2P 10A Negro LEXO es un dispositivo el\u00e9ctrico utilizado para conectar cables de alimentaci\u00f3n a una toma de corriente. Tiene dos pines para la conexi\u00f3n el\u00e9ctrica y una capacidad de corriente de hasta 10 amperios.<\/p>\n","protected":false},"excerpt":{"rendered":"<p>El Enchufe Macho Volante 2P 10A Negro LEXO es un dispositivo el\u00e9ctrico utilizado para conectar cables de alimentaci\u00f3n a una toma de corriente. Tiene dos pines para la conexi\u00f3n el\u00e9ctrica y una capacidad de corriente de hasta 10 amperios.<\/p>\n","protected":false},"featured_media":642,"comment_status":"open","ping_status":"closed","template":"","meta":{"_joinchat":[]},"product_brand":[],"product_cat":[16],"product_tag":[],"class_list":{"0":"post-643","1":"product","2":"type-product","3":"status-publish","4":"has-post-thumbnail","6":"product_cat-electricidad","8":"first","9":"instock","10":"shipping-taxable","11":"purchasable","12":"product-type-simple"},"ams_default_variation_id":0,"ams_product_points_reward":[],"ams_product_discount_percentage":0,"ams_price_to_display":700,"ams_acf":[],"jetpack_sharing_enabled":true,"_links":{"self":[{"href":"https:\/\/solucionsolar.cl\/solar\/wp-json\/wp\/v2\/product\/643","targetHints":{"allow":["GET"]}}],"collection":[{"href":"https:\/\/solucionsolar.cl\/solar\/wp-json\/wp\/v2\/product"}],"about":[{"href":"https:\/\/solucionsolar.cl\/solar\/wp-json\/wp\/v2\/types\/product"}],"replies":[{"embeddable":true,"href":"https:\/\/solucionsolar.cl\/solar\/wp-json\/wp\/v2\/comments?post=643"}],"wp:featuredmedia":[{"embeddable":true,"href":"https:\/\/solucionsolar.cl\/solar\/wp-json\/wp\/v2\/media\/642"}],"wp:attachment":[{"href":"https:\/\/solucionsolar.cl\/solar\/wp-json\/wp\/v2\/media?parent=643"}],"wp:term":[{"taxonomy":"product_brand","embeddable":true,"href":"https:\/\/solucionsolar.cl\/solar\/wp-json\/wp\/v2\/product_brand?post=643"},{"taxonomy":"product_cat","embeddable":true,"href":"https:\/\/solucionsolar.cl\/solar\/wp-json\/wp\/v2\/product_cat?post=643"},{"taxonomy":"product_tag","embeddable":true,"href":"https:\/\/solucionsolar.cl\/solar\/wp-json\/wp\/v2\/product_tag?post=643"}],"curies":[{"name":"wp","href":"https:\/\/api.w.org\/{rel}","templated":true}]}}