{"id":677,"date":"2023-05-13T22:35:30","date_gmt":"2023-05-13T22:35:30","guid":{"rendered":"https:\/\/solucionsolar.cl\/solar\/producto\/cable-concentrico-2x6mm-mt\/"},"modified":"2023-05-13T22:35:30","modified_gmt":"2023-05-13T22:35:30","slug":"cable-concentrico-2x6mm-mt","status":"publish","type":"product","link":"https:\/\/solucionsolar.cl\/solar\/producto\/cable-concentrico-2x6mm-mt\/","title":{"rendered":"Cable conc\u00e9ntrico 2x6mm (mt)"},"content":{"rendered":"<p>El cable conc\u00e9ntrico 2x6mm (mt) es un cable el\u00e9ctrico que consta de dos conductores de cobre: un conductor central rodeado por un conjunto de conductores exteriores conc\u00e9ntricos.<\/p>\n","protected":false},"excerpt":{"rendered":"<p>El cable conc\u00e9ntrico 2x6mm (mt) es un cable el\u00e9ctrico que consta de dos conductores de cobre: un conductor central rodeado por un conjunto de conductores exteriores conc\u00e9ntricos.<\/p>\n","protected":false},"featured_media":676,"comment_status":"open","ping_status":"closed","template":"","meta":{"_joinchat":[]},"product_brand":[],"product_cat":[42,26],"product_tag":[],"class_list":{"0":"post-677","1":"product","2":"type-product","3":"status-publish","4":"has-post-thumbnail","6":"product_cat-conductores","7":"product_cat-empalmes","9":"first","10":"instock","11":"shipping-taxable","12":"purchasable","13":"product-type-simple"},"ams_default_variation_id":0,"ams_product_points_reward":[],"ams_product_discount_percentage":0,"ams_price_to_display":2200,"ams_acf":[],"jetpack_sharing_enabled":true,"_links":{"self":[{"href":"https:\/\/solucionsolar.cl\/solar\/wp-json\/wp\/v2\/product\/677","targetHints":{"allow":["GET"]}}],"collection":[{"href":"https:\/\/solucionsolar.cl\/solar\/wp-json\/wp\/v2\/product"}],"about":[{"href":"https:\/\/solucionsolar.cl\/solar\/wp-json\/wp\/v2\/types\/product"}],"replies":[{"embeddable":true,"href":"https:\/\/solucionsolar.cl\/solar\/wp-json\/wp\/v2\/comments?post=677"}],"wp:featuredmedia":[{"embeddable":true,"href":"https:\/\/solucionsolar.cl\/solar\/wp-json\/wp\/v2\/media\/676"}],"wp:attachment":[{"href":"https:\/\/solucionsolar.cl\/solar\/wp-json\/wp\/v2\/media?parent=677"}],"wp:term":[{"taxonomy":"product_brand","embeddable":true,"href":"https:\/\/solucionsolar.cl\/solar\/wp-json\/wp\/v2\/product_brand?post=677"},{"taxonomy":"product_cat","embeddable":true,"href":"https:\/\/solucionsolar.cl\/solar\/wp-json\/wp\/v2\/product_cat?post=677"},{"taxonomy":"product_tag","embeddable":true,"href":"https:\/\/solucionsolar.cl\/solar\/wp-json\/wp\/v2\/product_tag?post=677"}],"curies":[{"name":"wp","href":"https:\/\/api.w.org\/{rel}","templated":true}]}}