{"id":689,"date":"2023-05-13T22:35:55","date_gmt":"2023-05-13T22:35:55","guid":{"rendered":"https:\/\/solucionsolar.cl\/solar\/producto\/cable-thhn-14awg-colores-1-mt\/"},"modified":"2023-05-13T22:35:55","modified_gmt":"2023-05-13T22:35:55","slug":"cable-thhn-14awg-colores-1-mt","status":"publish","type":"product","link":"https:\/\/solucionsolar.cl\/solar\/producto\/cable-thhn-14awg-colores-1-mt\/","title":{"rendered":"Cable THHN 14AWG Colores (1 mt)"},"content":{"rendered":"<p>El Cable THHN 14AWG Colores (1 mt) es un cable el\u00e9ctrico de calibre 14 con un recubrimiento de nylon termopl\u00e1stico de alta resistencia, dise\u00f1ado para su uso en aplicaciones comerciales e industriales. Este cable se compone de un conductor de cobre s\u00f3lido de alta calidad y est\u00e1 disponible en varios colores para facilitar la identificaci\u00f3n de los diferentes circuitos.<\/p>\n","protected":false},"excerpt":{"rendered":"<p>El Cable THHN 14AWG Colores (1 mt) es un cable el\u00e9ctrico de calibre 14 con un recubrimiento de nylon termopl\u00e1stico de alta resistencia, dise\u00f1ado para su uso en aplicaciones comerciales e industriales. Este cable se compone de un conductor de cobre s\u00f3lido de alta calidad y est\u00e1 disponible en varios colores para facilitar la identificaci\u00f3n de los diferentes circuitos.<\/p>\n","protected":false},"featured_media":688,"comment_status":"open","ping_status":"closed","template":"","meta":{"_joinchat":[]},"product_brand":[],"product_cat":[18,16],"product_tag":[],"class_list":{"0":"post-689","1":"product","2":"type-product","3":"status-publish","4":"has-post-thumbnail","6":"product_cat-cables","7":"product_cat-electricidad","9":"first","10":"instock","11":"shipping-taxable","12":"purchasable","13":"product-type-simple"},"ams_default_variation_id":0,"ams_product_points_reward":[],"ams_product_discount_percentage":0,"ams_price_to_display":450,"ams_acf":[],"jetpack_sharing_enabled":true,"_links":{"self":[{"href":"https:\/\/solucionsolar.cl\/solar\/wp-json\/wp\/v2\/product\/689","targetHints":{"allow":["GET"]}}],"collection":[{"href":"https:\/\/solucionsolar.cl\/solar\/wp-json\/wp\/v2\/product"}],"about":[{"href":"https:\/\/solucionsolar.cl\/solar\/wp-json\/wp\/v2\/types\/product"}],"replies":[{"embeddable":true,"href":"https:\/\/solucionsolar.cl\/solar\/wp-json\/wp\/v2\/comments?post=689"}],"wp:featuredmedia":[{"embeddable":true,"href":"https:\/\/solucionsolar.cl\/solar\/wp-json\/wp\/v2\/media\/688"}],"wp:attachment":[{"href":"https:\/\/solucionsolar.cl\/solar\/wp-json\/wp\/v2\/media?parent=689"}],"wp:term":[{"taxonomy":"product_brand","embeddable":true,"href":"https:\/\/solucionsolar.cl\/solar\/wp-json\/wp\/v2\/product_brand?post=689"},{"taxonomy":"product_cat","embeddable":true,"href":"https:\/\/solucionsolar.cl\/solar\/wp-json\/wp\/v2\/product_cat?post=689"},{"taxonomy":"product_tag","embeddable":true,"href":"https:\/\/solucionsolar.cl\/solar\/wp-json\/wp\/v2\/product_tag?post=689"}],"curies":[{"name":"wp","href":"https:\/\/api.w.org\/{rel}","templated":true}]}}