{"id":695,"date":"2023-05-13T22:36:05","date_gmt":"2023-05-13T22:36:05","guid":{"rendered":"https:\/\/solucionsolar.cl\/solar\/producto\/rele-de-medida-y-control-de-nivel-de-liquido-lexo\/"},"modified":"2023-05-13T22:36:05","modified_gmt":"2023-05-13T22:36:05","slug":"rele-de-medida-y-control-de-nivel-de-liquido-lexo","status":"publish","type":"product","link":"https:\/\/solucionsolar.cl\/solar\/producto\/rele-de-medida-y-control-de-nivel-de-liquido-lexo\/","title":{"rendered":"Rel\u00e9 de medida y control de nivel de l\u00edquido LEXO"},"content":{"rendered":"<p>El Rel\u00e9 de medida y control de nivel de l\u00edquido LEXO es un dispositivo electr\u00f3nico dise\u00f1ado para medir y controlar el nivel de l\u00edquidos en tanques y recipientes. Funciona mediante un sensor de nivel de l\u00edquido que env\u00eda una se\u00f1al al rel\u00e9, que a su vez activa un circuito de control para realizar una acci\u00f3n espec\u00edfica, como encender o apagar una bomba o una v\u00e1lvula.<\/p>\n","protected":false},"excerpt":{"rendered":"<p>El Rel\u00e9 de medida y control de nivel de l\u00edquido LEXO es un dispositivo electr\u00f3nico dise\u00f1ado para medir y controlar el nivel de l\u00edquidos en tanques y recipientes. Funciona mediante un sensor de nivel de l\u00edquido que env\u00eda una se\u00f1al al rel\u00e9, que a su vez activa un circuito de control para realizar una acci\u00f3n espec\u00edfica, como encender o apagar [&hellip;]<\/p>\n","protected":false},"featured_media":694,"comment_status":"open","ping_status":"closed","template":"","meta":{"_joinchat":[]},"product_brand":[],"product_cat":[16],"product_tag":[],"class_list":{"0":"post-695","1":"product","2":"type-product","3":"status-publish","4":"has-post-thumbnail","6":"product_cat-electricidad","8":"first","9":"instock","10":"shipping-taxable","11":"purchasable","12":"product-type-simple"},"ams_default_variation_id":0,"ams_product_points_reward":[],"ams_product_discount_percentage":0,"ams_price_to_display":22000,"ams_acf":[],"jetpack_sharing_enabled":true,"_links":{"self":[{"href":"https:\/\/solucionsolar.cl\/solar\/wp-json\/wp\/v2\/product\/695","targetHints":{"allow":["GET"]}}],"collection":[{"href":"https:\/\/solucionsolar.cl\/solar\/wp-json\/wp\/v2\/product"}],"about":[{"href":"https:\/\/solucionsolar.cl\/solar\/wp-json\/wp\/v2\/types\/product"}],"replies":[{"embeddable":true,"href":"https:\/\/solucionsolar.cl\/solar\/wp-json\/wp\/v2\/comments?post=695"}],"wp:featuredmedia":[{"embeddable":true,"href":"https:\/\/solucionsolar.cl\/solar\/wp-json\/wp\/v2\/media\/694"}],"wp:attachment":[{"href":"https:\/\/solucionsolar.cl\/solar\/wp-json\/wp\/v2\/media?parent=695"}],"wp:term":[{"taxonomy":"product_brand","embeddable":true,"href":"https:\/\/solucionsolar.cl\/solar\/wp-json\/wp\/v2\/product_brand?post=695"},{"taxonomy":"product_cat","embeddable":true,"href":"https:\/\/solucionsolar.cl\/solar\/wp-json\/wp\/v2\/product_cat?post=695"},{"taxonomy":"product_tag","embeddable":true,"href":"https:\/\/solucionsolar.cl\/solar\/wp-json\/wp\/v2\/product_tag?post=695"}],"curies":[{"name":"wp","href":"https:\/\/api.w.org\/{rel}","templated":true}]}}