{"id":721,"date":"2023-05-13T22:36:41","date_gmt":"2023-05-13T22:36:41","guid":{"rendered":"https:\/\/solucionsolar.cl\/solar\/producto\/placa-2-modulos-color-champagne-rosa-lexo\/"},"modified":"2023-05-13T22:36:41","modified_gmt":"2023-05-13T22:36:41","slug":"placa-2-modulos-color-champagne-rosa-lexo","status":"publish","type":"product","link":"https:\/\/solucionsolar.cl\/solar\/producto\/placa-2-modulos-color-champagne-rosa-lexo\/","title":{"rendered":"Placa 2 m\u00f3dulos color Champagne Rosa LEXO"},"content":{"rendered":"<p>La Placa 2 m\u00f3dulos color Champagne Rosa LEXO es un elemento de conexi\u00f3n el\u00e9ctrica dise\u00f1ado para alojar dos mecanismos el\u00e9ctricos est\u00e1ndar. Est\u00e1 fabricada en un material termopl\u00e1stico de alta calidad, resistente y duradero. Su acabado en color Champagne Rosa le brinda una apariencia est\u00e9tica elegante y moderna.<\/p>\n","protected":false},"excerpt":{"rendered":"<p>La Placa 2 m\u00f3dulos color Champagne Rosa LEXO es un elemento de conexi\u00f3n el\u00e9ctrica dise\u00f1ado para alojar dos mecanismos el\u00e9ctricos est\u00e1ndar. Est\u00e1 fabricada en un material termopl\u00e1stico de alta calidad, resistente y duradero. Su acabado en color Champagne Rosa le brinda una apariencia est\u00e9tica elegante y moderna.<\/p>\n","protected":false},"featured_media":720,"comment_status":"open","ping_status":"closed","template":"","meta":{"_joinchat":[]},"product_brand":[],"product_cat":[16],"product_tag":[],"class_list":{"0":"post-721","1":"product","2":"type-product","3":"status-publish","4":"has-post-thumbnail","6":"product_cat-electricidad","8":"first","9":"instock","10":"shipping-taxable","11":"purchasable","12":"product-type-simple"},"ams_default_variation_id":0,"ams_product_points_reward":[],"ams_product_discount_percentage":0,"ams_price_to_display":800,"ams_acf":[],"jetpack_sharing_enabled":true,"_links":{"self":[{"href":"https:\/\/solucionsolar.cl\/solar\/wp-json\/wp\/v2\/product\/721","targetHints":{"allow":["GET"]}}],"collection":[{"href":"https:\/\/solucionsolar.cl\/solar\/wp-json\/wp\/v2\/product"}],"about":[{"href":"https:\/\/solucionsolar.cl\/solar\/wp-json\/wp\/v2\/types\/product"}],"replies":[{"embeddable":true,"href":"https:\/\/solucionsolar.cl\/solar\/wp-json\/wp\/v2\/comments?post=721"}],"wp:featuredmedia":[{"embeddable":true,"href":"https:\/\/solucionsolar.cl\/solar\/wp-json\/wp\/v2\/media\/720"}],"wp:attachment":[{"href":"https:\/\/solucionsolar.cl\/solar\/wp-json\/wp\/v2\/media?parent=721"}],"wp:term":[{"taxonomy":"product_brand","embeddable":true,"href":"https:\/\/solucionsolar.cl\/solar\/wp-json\/wp\/v2\/product_brand?post=721"},{"taxonomy":"product_cat","embeddable":true,"href":"https:\/\/solucionsolar.cl\/solar\/wp-json\/wp\/v2\/product_cat?post=721"},{"taxonomy":"product_tag","embeddable":true,"href":"https:\/\/solucionsolar.cl\/solar\/wp-json\/wp\/v2\/product_tag?post=721"}],"curies":[{"name":"wp","href":"https:\/\/api.w.org\/{rel}","templated":true}]}}