{"id":743,"date":"2023-05-13T22:37:11","date_gmt":"2023-05-13T22:37:11","guid":{"rendered":"https:\/\/solucionsolar.cl\/solar\/producto\/conector-conico-amarillo-n44-lexo\/"},"modified":"2023-05-13T22:37:11","modified_gmt":"2023-05-13T22:37:11","slug":"conector-conico-amarillo-n44-lexo","status":"publish","type":"product","link":"https:\/\/solucionsolar.cl\/solar\/producto\/conector-conico-amarillo-n44-lexo\/","title":{"rendered":"Conector c\u00f3nico amarillo N\u00b044 LEXO"},"content":{"rendered":"<p>\u00abConector c\u00f3nico amarillo N\u00b044 LEXO\u00bb es un conector el\u00e9ctrico de tipo c\u00f3nico, de color amarillo y producido por la marca \u00abLEXO\u00bb. Este tipo de conector es utilizado para conectar cables el\u00e9ctricos de diferentes secciones transversales. El conector N\u00b044 es compatible con cables de hasta 4 mm\u00b2 y tiene una corriente nominal de 24 amperios. Adem\u00e1s, cuenta con una conexi\u00f3n de tipo tornillo que permite un ensamblaje r\u00e1pido y seguro.<\/p>\n","protected":false},"excerpt":{"rendered":"<p>\u00abConector c\u00f3nico amarillo N\u00b044 LEXO\u00bb es un conector el\u00e9ctrico de tipo c\u00f3nico, de color amarillo y producido por la marca \u00abLEXO\u00bb. Este tipo de conector es utilizado para conectar cables el\u00e9ctricos de diferentes secciones transversales. El conector N\u00b044 es compatible con cables de hasta 4 mm\u00b2 y tiene una corriente nominal de 24 amperios. Adem\u00e1s, cuenta con una conexi\u00f3n de [&hellip;]<\/p>\n","protected":false},"featured_media":742,"comment_status":"open","ping_status":"closed","template":"","meta":{"_joinchat":[]},"product_brand":[],"product_cat":[16],"product_tag":[],"class_list":{"0":"post-743","1":"product","2":"type-product","3":"status-publish","4":"has-post-thumbnail","6":"product_cat-electricidad","8":"first","9":"instock","10":"shipping-taxable","11":"purchasable","12":"product-type-simple"},"ams_default_variation_id":0,"ams_product_points_reward":[],"ams_product_discount_percentage":0,"ams_price_to_display":50,"ams_acf":[],"jetpack_sharing_enabled":true,"_links":{"self":[{"href":"https:\/\/solucionsolar.cl\/solar\/wp-json\/wp\/v2\/product\/743","targetHints":{"allow":["GET"]}}],"collection":[{"href":"https:\/\/solucionsolar.cl\/solar\/wp-json\/wp\/v2\/product"}],"about":[{"href":"https:\/\/solucionsolar.cl\/solar\/wp-json\/wp\/v2\/types\/product"}],"replies":[{"embeddable":true,"href":"https:\/\/solucionsolar.cl\/solar\/wp-json\/wp\/v2\/comments?post=743"}],"wp:featuredmedia":[{"embeddable":true,"href":"https:\/\/solucionsolar.cl\/solar\/wp-json\/wp\/v2\/media\/742"}],"wp:attachment":[{"href":"https:\/\/solucionsolar.cl\/solar\/wp-json\/wp\/v2\/media?parent=743"}],"wp:term":[{"taxonomy":"product_brand","embeddable":true,"href":"https:\/\/solucionsolar.cl\/solar\/wp-json\/wp\/v2\/product_brand?post=743"},{"taxonomy":"product_cat","embeddable":true,"href":"https:\/\/solucionsolar.cl\/solar\/wp-json\/wp\/v2\/product_cat?post=743"},{"taxonomy":"product_tag","embeddable":true,"href":"https:\/\/solucionsolar.cl\/solar\/wp-json\/wp\/v2\/product_tag?post=743"}],"curies":[{"name":"wp","href":"https:\/\/api.w.org\/{rel}","templated":true}]}}