{"id":751,"date":"2023-05-13T22:37:19","date_gmt":"2023-05-13T22:37:19","guid":{"rendered":"https:\/\/solucionsolar.cl\/solar\/producto\/modulo-toma-corriente-10a-16a-2pt-cafe-lexo\/"},"modified":"2023-05-13T22:37:19","modified_gmt":"2023-05-13T22:37:19","slug":"modulo-toma-corriente-10a-16a-2pt-cafe-lexo","status":"publish","type":"product","link":"https:\/\/solucionsolar.cl\/solar\/producto\/modulo-toma-corriente-10a-16a-2pt-cafe-lexo\/","title":{"rendered":"M\u00f3dulo toma corriente 10A\/16A 2P+T Caf\u00e9 LEXO"},"content":{"rendered":"<p>\u00abM\u00f3dulo toma corriente 10A\/16A 2P+T Caf\u00e9 LEXO\u00bb es un enchufe el\u00e9ctrico de uso general dise\u00f1ado para su uso en aplicaciones dom\u00e9sticas y comerciales ligeras. Tiene una capacidad de carga m\u00e1xima de 16 amperios y es adecuado para la conexi\u00f3n de equipos el\u00e9ctricos como l\u00e1mparas, televisores, radios y otros dispositivos de baja y mediana potencia. El enchufe tiene dos polos m\u00e1s un polo de tierra (2P+T) y est\u00e1 dise\u00f1ado para ser montado en una placa o caja el\u00e9ctrica. Adem\u00e1s, su color caf\u00e9 le da un aspecto est\u00e9tico agradable y se adapta a diferentes tipos de decoraci\u00f3n. \u00abLEXO\u00bb es el nombre de la marca del fabricante.<\/p>\n","protected":false},"excerpt":{"rendered":"<p>\u00abM\u00f3dulo toma corriente 10A\/16A 2P+T Caf\u00e9 LEXO\u00bb es un enchufe el\u00e9ctrico de uso general dise\u00f1ado para su uso en aplicaciones dom\u00e9sticas y comerciales ligeras. Tiene una capacidad de carga m\u00e1xima de 16 amperios y es adecuado para la conexi\u00f3n de equipos el\u00e9ctricos como l\u00e1mparas, televisores, radios y otros dispositivos de baja y mediana potencia. El enchufe tiene dos polos m\u00e1s [&hellip;]<\/p>\n","protected":false},"featured_media":750,"comment_status":"open","ping_status":"closed","template":"","meta":{"_joinchat":[]},"product_brand":[],"product_cat":[16],"product_tag":[],"class_list":{"0":"post-751","1":"product","2":"type-product","3":"status-publish","4":"has-post-thumbnail","6":"product_cat-electricidad","8":"first","9":"instock","10":"shipping-taxable","11":"purchasable","12":"product-type-simple"},"ams_default_variation_id":0,"ams_product_points_reward":[],"ams_product_discount_percentage":0,"ams_price_to_display":1250,"ams_acf":[],"jetpack_sharing_enabled":true,"_links":{"self":[{"href":"https:\/\/solucionsolar.cl\/solar\/wp-json\/wp\/v2\/product\/751","targetHints":{"allow":["GET"]}}],"collection":[{"href":"https:\/\/solucionsolar.cl\/solar\/wp-json\/wp\/v2\/product"}],"about":[{"href":"https:\/\/solucionsolar.cl\/solar\/wp-json\/wp\/v2\/types\/product"}],"replies":[{"embeddable":true,"href":"https:\/\/solucionsolar.cl\/solar\/wp-json\/wp\/v2\/comments?post=751"}],"wp:featuredmedia":[{"embeddable":true,"href":"https:\/\/solucionsolar.cl\/solar\/wp-json\/wp\/v2\/media\/750"}],"wp:attachment":[{"href":"https:\/\/solucionsolar.cl\/solar\/wp-json\/wp\/v2\/media?parent=751"}],"wp:term":[{"taxonomy":"product_brand","embeddable":true,"href":"https:\/\/solucionsolar.cl\/solar\/wp-json\/wp\/v2\/product_brand?post=751"},{"taxonomy":"product_cat","embeddable":true,"href":"https:\/\/solucionsolar.cl\/solar\/wp-json\/wp\/v2\/product_cat?post=751"},{"taxonomy":"product_tag","embeddable":true,"href":"https:\/\/solucionsolar.cl\/solar\/wp-json\/wp\/v2\/product_tag?post=751"}],"curies":[{"name":"wp","href":"https:\/\/api.w.org\/{rel}","templated":true}]}}