{"id":760,"date":"2023-05-13T22:37:34","date_gmt":"2023-05-13T22:37:34","guid":{"rendered":"https:\/\/solucionsolar.cl\/solar\/producto\/enchufe-hembra-volante-industrial-3pnt-32a-380v-ip44-lexo\/"},"modified":"2023-05-13T22:37:34","modified_gmt":"2023-05-13T22:37:34","slug":"enchufe-hembra-volante-industrial-3pnt-32a-380v-ip44-lexo","status":"publish","type":"product","link":"https:\/\/solucionsolar.cl\/solar\/producto\/enchufe-hembra-volante-industrial-3pnt-32a-380v-ip44-lexo\/","title":{"rendered":"Enchufe hembra volante industrial 3P+N+T 32A 380V IP44 LEXO"},"content":{"rendered":"<p>El \u00abEnchufe hembra volante industrial 3P+N+T 32A 380V IP44 LEXO\u00bb es un conector el\u00e9ctrico dise\u00f1ado para uso industrial y est\u00e1 equipado con tres polos (3P), un neutro (N) y una toma de tierra (T). Tiene una capacidad de corriente de 32 amperios y una tensi\u00f3n nominal de 380 voltios. El enchufe tiene una clasificaci\u00f3n de protecci\u00f3n IP44, lo que significa que est\u00e1 protegido contra la entrada de agua y part\u00edculas s\u00f3lidas de tama\u00f1o mediano. La construcci\u00f3n del enchufe es robusta y duradera, lo que lo hace adecuado para su uso en entornos industriales y de construcci\u00f3n. El enchufe tiene un dise\u00f1o volante, lo que significa que se puede conectar y desconectar f\u00e1cilmente sin herramientas adicionales.<\/p>\n","protected":false},"excerpt":{"rendered":"<p>El \u00abEnchufe hembra volante industrial 3P+N+T 32A 380V IP44 LEXO\u00bb es un conector el\u00e9ctrico dise\u00f1ado para uso industrial y est\u00e1 equipado con tres polos (3P), un neutro (N) y una toma de tierra (T). Tiene una capacidad de corriente de 32 amperios y una tensi\u00f3n nominal de 380 voltios. El enchufe tiene una clasificaci\u00f3n de protecci\u00f3n IP44, lo que significa [&hellip;]<\/p>\n","protected":false},"featured_media":759,"comment_status":"open","ping_status":"closed","template":"","meta":{"_joinchat":[]},"product_brand":[],"product_cat":[16],"product_tag":[],"class_list":{"0":"post-760","1":"product","2":"type-product","3":"status-publish","4":"has-post-thumbnail","6":"product_cat-electricidad","8":"first","9":"instock","10":"shipping-taxable","11":"purchasable","12":"product-type-simple"},"ams_default_variation_id":0,"ams_product_points_reward":[],"ams_product_discount_percentage":0,"ams_price_to_display":3500,"ams_acf":[],"jetpack_sharing_enabled":true,"_links":{"self":[{"href":"https:\/\/solucionsolar.cl\/solar\/wp-json\/wp\/v2\/product\/760","targetHints":{"allow":["GET"]}}],"collection":[{"href":"https:\/\/solucionsolar.cl\/solar\/wp-json\/wp\/v2\/product"}],"about":[{"href":"https:\/\/solucionsolar.cl\/solar\/wp-json\/wp\/v2\/types\/product"}],"replies":[{"embeddable":true,"href":"https:\/\/solucionsolar.cl\/solar\/wp-json\/wp\/v2\/comments?post=760"}],"wp:featuredmedia":[{"embeddable":true,"href":"https:\/\/solucionsolar.cl\/solar\/wp-json\/wp\/v2\/media\/759"}],"wp:attachment":[{"href":"https:\/\/solucionsolar.cl\/solar\/wp-json\/wp\/v2\/media?parent=760"}],"wp:term":[{"taxonomy":"product_brand","embeddable":true,"href":"https:\/\/solucionsolar.cl\/solar\/wp-json\/wp\/v2\/product_brand?post=760"},{"taxonomy":"product_cat","embeddable":true,"href":"https:\/\/solucionsolar.cl\/solar\/wp-json\/wp\/v2\/product_cat?post=760"},{"taxonomy":"product_tag","embeddable":true,"href":"https:\/\/solucionsolar.cl\/solar\/wp-json\/wp\/v2\/product_tag?post=760"}],"curies":[{"name":"wp","href":"https:\/\/api.w.org\/{rel}","templated":true}]}}