{"id":774,"date":"2023-05-13T22:37:47","date_gmt":"2023-05-13T22:37:47","guid":{"rendered":"https:\/\/solucionsolar.cl\/solar\/producto\/bateria-agm-12v-7ah-ciclo-profundo-curtiss\/"},"modified":"2023-05-13T22:37:47","modified_gmt":"2023-05-13T22:37:47","slug":"bateria-agm-12v-7ah-ciclo-profundo-curtiss","status":"publish","type":"product","link":"https:\/\/solucionsolar.cl\/solar\/producto\/bateria-agm-12v-7ah-ciclo-profundo-curtiss\/","title":{"rendered":"Bater\u00eda AGM 12V 7Ah Ciclo profundo Curtiss"},"content":{"rendered":"<p>La bater\u00eda AGM 12V 7Ah Ciclo profundo Curtiss es una bater\u00eda de alta calidad que se utiliza com\u00fanmente en sistemas solares y de energ\u00eda de respaldo, as\u00ed como en equipos electr\u00f3nicos port\u00e1tiles y otros dispositivos que requieren una fuente de alimentaci\u00f3n confiable y duradera.<br \/>\nCon una capacidad de 7Ah, esta bater\u00eda AGM es capaz de proporcionar una fuente constante de energ\u00eda por per\u00edodos de tiempo prolongados, lo que la hace ideal para aplicaciones como iluminaci\u00f3n solar, sistemas de comunicaci\u00f3n, equipos m\u00e9dicos y sistemas de seguridad, entre otros.<br \/>\nLa tecnolog\u00eda AGM permite una alta capacidad de almacenamiento de energ\u00eda y una r\u00e1pida recuperaci\u00f3n despu\u00e9s del uso, lo que garantiza un rendimiento confiable y consistente en el tiempo. Adem\u00e1s, la bater\u00eda AGM 12V 7Ah Ciclo profundo Curtiss es resistente a las vibraciones, golpes y altas temperaturas, lo que la hace ideal para su uso en \u00e1reas remotas o de dif\u00edcil acceso.<\/p>\n","protected":false},"excerpt":{"rendered":"<p>La bater\u00eda AGM 12V 7Ah Ciclo profundo Curtiss es una bater\u00eda de alta calidad que se utiliza com\u00fanmente en sistemas solares y de energ\u00eda de respaldo, as\u00ed como en equipos electr\u00f3nicos port\u00e1tiles y otros dispositivos que requieren una fuente de alimentaci\u00f3n confiable y duradera. Con una capacidad de 7Ah, esta bater\u00eda AGM es capaz de proporcionar una fuente constante de [&hellip;]<\/p>\n","protected":false},"featured_media":773,"comment_status":"open","ping_status":"closed","template":"","meta":{"_joinchat":[]},"product_brand":[],"product_cat":[21,16],"product_tag":[],"class_list":{"0":"post-774","1":"product","2":"type-product","3":"status-publish","4":"has-post-thumbnail","6":"product_cat-baterias","7":"product_cat-electricidad","9":"first","10":"instock","11":"shipping-taxable","12":"purchasable","13":"product-type-simple"},"ams_default_variation_id":0,"ams_product_points_reward":[],"ams_product_discount_percentage":0,"ams_price_to_display":17500,"ams_acf":[],"jetpack_sharing_enabled":true,"_links":{"self":[{"href":"https:\/\/solucionsolar.cl\/solar\/wp-json\/wp\/v2\/product\/774","targetHints":{"allow":["GET"]}}],"collection":[{"href":"https:\/\/solucionsolar.cl\/solar\/wp-json\/wp\/v2\/product"}],"about":[{"href":"https:\/\/solucionsolar.cl\/solar\/wp-json\/wp\/v2\/types\/product"}],"replies":[{"embeddable":true,"href":"https:\/\/solucionsolar.cl\/solar\/wp-json\/wp\/v2\/comments?post=774"}],"wp:featuredmedia":[{"embeddable":true,"href":"https:\/\/solucionsolar.cl\/solar\/wp-json\/wp\/v2\/media\/773"}],"wp:attachment":[{"href":"https:\/\/solucionsolar.cl\/solar\/wp-json\/wp\/v2\/media?parent=774"}],"wp:term":[{"taxonomy":"product_brand","embeddable":true,"href":"https:\/\/solucionsolar.cl\/solar\/wp-json\/wp\/v2\/product_brand?post=774"},{"taxonomy":"product_cat","embeddable":true,"href":"https:\/\/solucionsolar.cl\/solar\/wp-json\/wp\/v2\/product_cat?post=774"},{"taxonomy":"product_tag","embeddable":true,"href":"https:\/\/solucionsolar.cl\/solar\/wp-json\/wp\/v2\/product_tag?post=774"}],"curies":[{"name":"wp","href":"https:\/\/api.w.org\/{rel}","templated":true}]}}