{"id":82,"date":"2023-05-13T22:21:05","date_gmt":"2023-05-13T22:21:05","guid":{"rendered":"https:\/\/solucionsolar.cl\/solar\/producto\/curva-para-emt-20mm\/"},"modified":"2023-05-13T22:21:05","modified_gmt":"2023-05-13T22:21:05","slug":"curva-para-emt-20mm","status":"publish","type":"product","link":"https:\/\/solucionsolar.cl\/solar\/producto\/curva-para-emt-20mm\/","title":{"rendered":"Curva para EMT 20mm"},"content":{"rendered":"<p>Una copla para EMT de 20mm es un accesorio utilizado en instalaciones el\u00e9ctricas para unir dos tubos de metal el\u00e9ctrico (EMT) de 20mm de di\u00e1metro. Est\u00e1 dise\u00f1ada para ser f\u00e1cilmente instalada y desmontada, lo que permite un mantenimiento y reparaci\u00f3n m\u00e1s sencillos. La copla est\u00e1 hecha de un material resistente y duradero para garantizar una conexi\u00f3n segura y confiable.<\/p>\n","protected":false},"excerpt":{"rendered":"<p>Una copla para EMT de 20mm es un accesorio utilizado en instalaciones el\u00e9ctricas para unir dos tubos de metal el\u00e9ctrico (EMT) de 20mm de di\u00e1metro. Est\u00e1 dise\u00f1ada para ser f\u00e1cilmente instalada y desmontada, lo que permite un mantenimiento y reparaci\u00f3n m\u00e1s sencillos. La copla est\u00e1 hecha de un material resistente y duradero para garantizar una conexi\u00f3n segura y confiable.<\/p>\n","protected":false},"featured_media":81,"comment_status":"open","ping_status":"closed","template":"","meta":{"_joinchat":[]},"product_brand":[],"product_cat":[17],"product_tag":[],"class_list":{"0":"post-82","1":"product","2":"type-product","3":"status-publish","4":"has-post-thumbnail","6":"product_cat-ferreteria","8":"first","9":"instock","10":"shipping-taxable","11":"purchasable","12":"product-type-simple"},"ams_default_variation_id":0,"ams_product_points_reward":[],"ams_product_discount_percentage":0,"ams_price_to_display":650,"ams_acf":[],"jetpack_sharing_enabled":true,"_links":{"self":[{"href":"https:\/\/solucionsolar.cl\/solar\/wp-json\/wp\/v2\/product\/82","targetHints":{"allow":["GET"]}}],"collection":[{"href":"https:\/\/solucionsolar.cl\/solar\/wp-json\/wp\/v2\/product"}],"about":[{"href":"https:\/\/solucionsolar.cl\/solar\/wp-json\/wp\/v2\/types\/product"}],"replies":[{"embeddable":true,"href":"https:\/\/solucionsolar.cl\/solar\/wp-json\/wp\/v2\/comments?post=82"}],"wp:featuredmedia":[{"embeddable":true,"href":"https:\/\/solucionsolar.cl\/solar\/wp-json\/wp\/v2\/media\/81"}],"wp:attachment":[{"href":"https:\/\/solucionsolar.cl\/solar\/wp-json\/wp\/v2\/media?parent=82"}],"wp:term":[{"taxonomy":"product_brand","embeddable":true,"href":"https:\/\/solucionsolar.cl\/solar\/wp-json\/wp\/v2\/product_brand?post=82"},{"taxonomy":"product_cat","embeddable":true,"href":"https:\/\/solucionsolar.cl\/solar\/wp-json\/wp\/v2\/product_cat?post=82"},{"taxonomy":"product_tag","embeddable":true,"href":"https:\/\/solucionsolar.cl\/solar\/wp-json\/wp\/v2\/product_tag?post=82"}],"curies":[{"name":"wp","href":"https:\/\/api.w.org\/{rel}","templated":true}]}}