{"id":857,"date":"2023-05-13T22:40:00","date_gmt":"2023-05-13T22:40:00","guid":{"rendered":"https:\/\/solucionsolar.cl\/solar\/producto\/modulo-interruptor-conmutador-9-24-10a-cafe-lexo\/"},"modified":"2023-05-13T22:40:00","modified_gmt":"2023-05-13T22:40:00","slug":"modulo-interruptor-conmutador-9-24-10a-cafe-lexo","status":"publish","type":"product","link":"https:\/\/solucionsolar.cl\/solar\/producto\/modulo-interruptor-conmutador-9-24-10a-cafe-lexo\/","title":{"rendered":"M\u00f3dulo interruptor conmutador 9\/24 10A Caf\u00e9 LEXO"},"content":{"rendered":"<p>El m\u00f3dulo interruptor conmutador 9\/24 10A Caf\u00e9 LEXO es un dispositivo el\u00e9ctrico que permite controlar el encendido y apagado de un circuito de iluminaci\u00f3n desde dos puntos diferentes. Tiene una capacidad de corriente de 10A y su color es caf\u00e9.<\/p>\n","protected":false},"excerpt":{"rendered":"<p>El m\u00f3dulo interruptor conmutador 9\/24 10A Caf\u00e9 LEXO es un dispositivo el\u00e9ctrico que permite controlar el encendido y apagado de un circuito de iluminaci\u00f3n desde dos puntos diferentes. Tiene una capacidad de corriente de 10A y su color es caf\u00e9.<\/p>\n","protected":false},"featured_media":856,"comment_status":"open","ping_status":"closed","template":"","meta":{"_joinchat":[]},"product_brand":[],"product_cat":[16],"product_tag":[],"class_list":{"0":"post-857","1":"product","2":"type-product","3":"status-publish","4":"has-post-thumbnail","6":"product_cat-electricidad","8":"first","9":"instock","10":"shipping-taxable","11":"purchasable","12":"product-type-simple"},"ams_default_variation_id":0,"ams_product_points_reward":[],"ams_product_discount_percentage":0,"ams_price_to_display":1200,"ams_acf":[],"jetpack_sharing_enabled":true,"_links":{"self":[{"href":"https:\/\/solucionsolar.cl\/solar\/wp-json\/wp\/v2\/product\/857","targetHints":{"allow":["GET"]}}],"collection":[{"href":"https:\/\/solucionsolar.cl\/solar\/wp-json\/wp\/v2\/product"}],"about":[{"href":"https:\/\/solucionsolar.cl\/solar\/wp-json\/wp\/v2\/types\/product"}],"replies":[{"embeddable":true,"href":"https:\/\/solucionsolar.cl\/solar\/wp-json\/wp\/v2\/comments?post=857"}],"wp:featuredmedia":[{"embeddable":true,"href":"https:\/\/solucionsolar.cl\/solar\/wp-json\/wp\/v2\/media\/856"}],"wp:attachment":[{"href":"https:\/\/solucionsolar.cl\/solar\/wp-json\/wp\/v2\/media?parent=857"}],"wp:term":[{"taxonomy":"product_brand","embeddable":true,"href":"https:\/\/solucionsolar.cl\/solar\/wp-json\/wp\/v2\/product_brand?post=857"},{"taxonomy":"product_cat","embeddable":true,"href":"https:\/\/solucionsolar.cl\/solar\/wp-json\/wp\/v2\/product_cat?post=857"},{"taxonomy":"product_tag","embeddable":true,"href":"https:\/\/solucionsolar.cl\/solar\/wp-json\/wp\/v2\/product_tag?post=857"}],"curies":[{"name":"wp","href":"https:\/\/api.w.org\/{rel}","templated":true}]}}