{"id":863,"date":"2023-05-13T22:40:12","date_gmt":"2023-05-13T22:40:12","guid":{"rendered":"https:\/\/solucionsolar.cl\/solar\/producto\/z-tablero-sobrepuesto-pvc-12-polos-lexo\/"},"modified":"2023-05-13T22:40:12","modified_gmt":"2023-05-13T22:40:12","slug":"z-tablero-sobrepuesto-pvc-12-polos-lexo","status":"publish","type":"product","link":"https:\/\/solucionsolar.cl\/solar\/producto\/z-tablero-sobrepuesto-pvc-12-polos-lexo\/","title":{"rendered":"z Tablero sobrepuesto pvc 12 polos LEXO"},"content":{"rendered":"<p>Tablero sobrepuesto PVC 12 polos de la marca LEXO es un dispositivo el\u00e9ctrico utilizado para la distribuci\u00f3n de energ\u00eda el\u00e9ctrica en instalaciones el\u00e9ctricas, con capacidad para alojar hasta 12 interruptores autom\u00e1ticos, de un polo o dos polos, con una corriente m\u00e1xima de 63 amperios. Est\u00e1 fabricado en PVC resistente y cuenta con protecci\u00f3n contra el ingreso de cuerpos s\u00f3lidos y l\u00edquidos, con un \u00edndice de protecci\u00f3n IP65.<\/p>\n","protected":false},"excerpt":{"rendered":"<p>Tablero sobrepuesto PVC 12 polos de la marca LEXO es un dispositivo el\u00e9ctrico utilizado para la distribuci\u00f3n de energ\u00eda el\u00e9ctrica en instalaciones el\u00e9ctricas, con capacidad para alojar hasta 12 interruptores autom\u00e1ticos, de un polo o dos polos, con una corriente m\u00e1xima de 63 amperios. Est\u00e1 fabricado en PVC resistente y cuenta con protecci\u00f3n contra el ingreso de cuerpos s\u00f3lidos y [&hellip;]<\/p>\n","protected":false},"featured_media":862,"comment_status":"open","ping_status":"closed","template":"","meta":{"_joinchat":[]},"product_brand":[],"product_cat":[16],"product_tag":[],"class_list":{"0":"post-863","1":"product","2":"type-product","3":"status-publish","4":"has-post-thumbnail","6":"product_cat-electricidad","8":"first","9":"instock","10":"shipping-taxable","11":"purchasable","12":"product-type-simple"},"ams_default_variation_id":0,"ams_product_points_reward":[],"ams_product_discount_percentage":0,"ams_price_to_display":10900,"ams_acf":[],"jetpack_sharing_enabled":true,"_links":{"self":[{"href":"https:\/\/solucionsolar.cl\/solar\/wp-json\/wp\/v2\/product\/863","targetHints":{"allow":["GET"]}}],"collection":[{"href":"https:\/\/solucionsolar.cl\/solar\/wp-json\/wp\/v2\/product"}],"about":[{"href":"https:\/\/solucionsolar.cl\/solar\/wp-json\/wp\/v2\/types\/product"}],"replies":[{"embeddable":true,"href":"https:\/\/solucionsolar.cl\/solar\/wp-json\/wp\/v2\/comments?post=863"}],"wp:featuredmedia":[{"embeddable":true,"href":"https:\/\/solucionsolar.cl\/solar\/wp-json\/wp\/v2\/media\/862"}],"wp:attachment":[{"href":"https:\/\/solucionsolar.cl\/solar\/wp-json\/wp\/v2\/media?parent=863"}],"wp:term":[{"taxonomy":"product_brand","embeddable":true,"href":"https:\/\/solucionsolar.cl\/solar\/wp-json\/wp\/v2\/product_brand?post=863"},{"taxonomy":"product_cat","embeddable":true,"href":"https:\/\/solucionsolar.cl\/solar\/wp-json\/wp\/v2\/product_cat?post=863"},{"taxonomy":"product_tag","embeddable":true,"href":"https:\/\/solucionsolar.cl\/solar\/wp-json\/wp\/v2\/product_tag?post=863"}],"curies":[{"name":"wp","href":"https:\/\/api.w.org\/{rel}","templated":true}]}}