{"id":871,"date":"2023-05-13T22:40:18","date_gmt":"2023-05-13T22:40:18","guid":{"rendered":"https:\/\/solucionsolar.cl\/solar\/producto\/interruptor-triple-9-32-con-placa-blanca-modus-plus-bticino\/"},"modified":"2023-05-13T22:40:18","modified_gmt":"2023-05-13T22:40:18","slug":"interruptor-triple-9-32-con-placa-blanca-modus-plus-bticino","status":"publish","type":"product","link":"https:\/\/solucionsolar.cl\/solar\/producto\/interruptor-triple-9-32-con-placa-blanca-modus-plus-bticino\/","title":{"rendered":"Interruptor Triple 9\/32 con placa blanca Modus Plus BTICINO"},"content":{"rendered":"<p>Interruptor Triple 9\/32 con placa blanca Modus Plus BTICINO es un dispositivo el\u00e9ctrico utilizado para controlar la conexi\u00f3n y desconexi\u00f3n de tres circuitos el\u00e9ctricos independientes, como luces o enchufes, y viene con una placa blanca de la serie Modus Plus de BTICINO.<\/p>\n","protected":false},"excerpt":{"rendered":"<p>Interruptor Triple 9\/32 con placa blanca Modus Plus BTICINO es un dispositivo el\u00e9ctrico utilizado para controlar la conexi\u00f3n y desconexi\u00f3n de tres circuitos el\u00e9ctricos independientes, como luces o enchufes, y viene con una placa blanca de la serie Modus Plus de BTICINO.<\/p>\n","protected":false},"featured_media":870,"comment_status":"open","ping_status":"closed","template":"","meta":{"_joinchat":[]},"product_brand":[],"product_cat":[16],"product_tag":[],"class_list":{"0":"post-871","1":"product","2":"type-product","3":"status-publish","4":"has-post-thumbnail","6":"product_cat-electricidad","8":"first","9":"instock","10":"shipping-taxable","11":"purchasable","12":"product-type-simple"},"ams_default_variation_id":0,"ams_product_points_reward":[],"ams_product_discount_percentage":0,"ams_price_to_display":3800,"ams_acf":[],"jetpack_sharing_enabled":true,"_links":{"self":[{"href":"https:\/\/solucionsolar.cl\/solar\/wp-json\/wp\/v2\/product\/871","targetHints":{"allow":["GET"]}}],"collection":[{"href":"https:\/\/solucionsolar.cl\/solar\/wp-json\/wp\/v2\/product"}],"about":[{"href":"https:\/\/solucionsolar.cl\/solar\/wp-json\/wp\/v2\/types\/product"}],"replies":[{"embeddable":true,"href":"https:\/\/solucionsolar.cl\/solar\/wp-json\/wp\/v2\/comments?post=871"}],"wp:featuredmedia":[{"embeddable":true,"href":"https:\/\/solucionsolar.cl\/solar\/wp-json\/wp\/v2\/media\/870"}],"wp:attachment":[{"href":"https:\/\/solucionsolar.cl\/solar\/wp-json\/wp\/v2\/media?parent=871"}],"wp:term":[{"taxonomy":"product_brand","embeddable":true,"href":"https:\/\/solucionsolar.cl\/solar\/wp-json\/wp\/v2\/product_brand?post=871"},{"taxonomy":"product_cat","embeddable":true,"href":"https:\/\/solucionsolar.cl\/solar\/wp-json\/wp\/v2\/product_cat?post=871"},{"taxonomy":"product_tag","embeddable":true,"href":"https:\/\/solucionsolar.cl\/solar\/wp-json\/wp\/v2\/product_tag?post=871"}],"curies":[{"name":"wp","href":"https:\/\/api.w.org\/{rel}","templated":true}]}}