{"id":888,"date":"2023-05-13T22:40:36","date_gmt":"2023-05-13T22:40:36","guid":{"rendered":"https:\/\/solucionsolar.cl\/solar\/producto\/rele-termico-23-32a-lexo\/"},"modified":"2023-05-13T22:40:36","modified_gmt":"2023-05-13T22:40:36","slug":"rele-termico-23-32a-lexo","status":"publish","type":"product","link":"https:\/\/solucionsolar.cl\/solar\/producto\/rele-termico-23-32a-lexo\/","title":{"rendered":"Rel\u00e9 t\u00e9rmico 23-32A LEXO"},"content":{"rendered":"<p>El rel\u00e9 t\u00e9rmico de 23-32A de LEXO es un dispositivo de protecci\u00f3n contra sobrecargas el\u00e9ctricas que se activa cuando la corriente el\u00e9ctrica en un circuito alcanza un valor predeterminado, protegiendo as\u00ed los equipos conectados. Es ideal para aplicaciones industriales y de construcci\u00f3n.<\/p>\n","protected":false},"excerpt":{"rendered":"<p>El rel\u00e9 t\u00e9rmico de 23-32A de LEXO es un dispositivo de protecci\u00f3n contra sobrecargas el\u00e9ctricas que se activa cuando la corriente el\u00e9ctrica en un circuito alcanza un valor predeterminado, protegiendo as\u00ed los equipos conectados. Es ideal para aplicaciones industriales y de construcci\u00f3n.<\/p>\n","protected":false},"featured_media":887,"comment_status":"open","ping_status":"closed","template":"","meta":{"_joinchat":[]},"product_brand":[],"product_cat":[16],"product_tag":[],"class_list":{"0":"post-888","1":"product","2":"type-product","3":"status-publish","4":"has-post-thumbnail","6":"product_cat-electricidad","8":"first","9":"instock","10":"shipping-taxable","11":"purchasable","12":"product-type-simple"},"ams_default_variation_id":0,"ams_product_points_reward":[],"ams_product_discount_percentage":0,"ams_price_to_display":11900,"ams_acf":[],"jetpack_sharing_enabled":true,"_links":{"self":[{"href":"https:\/\/solucionsolar.cl\/solar\/wp-json\/wp\/v2\/product\/888","targetHints":{"allow":["GET"]}}],"collection":[{"href":"https:\/\/solucionsolar.cl\/solar\/wp-json\/wp\/v2\/product"}],"about":[{"href":"https:\/\/solucionsolar.cl\/solar\/wp-json\/wp\/v2\/types\/product"}],"replies":[{"embeddable":true,"href":"https:\/\/solucionsolar.cl\/solar\/wp-json\/wp\/v2\/comments?post=888"}],"wp:featuredmedia":[{"embeddable":true,"href":"https:\/\/solucionsolar.cl\/solar\/wp-json\/wp\/v2\/media\/887"}],"wp:attachment":[{"href":"https:\/\/solucionsolar.cl\/solar\/wp-json\/wp\/v2\/media?parent=888"}],"wp:term":[{"taxonomy":"product_brand","embeddable":true,"href":"https:\/\/solucionsolar.cl\/solar\/wp-json\/wp\/v2\/product_brand?post=888"},{"taxonomy":"product_cat","embeddable":true,"href":"https:\/\/solucionsolar.cl\/solar\/wp-json\/wp\/v2\/product_cat?post=888"},{"taxonomy":"product_tag","embeddable":true,"href":"https:\/\/solucionsolar.cl\/solar\/wp-json\/wp\/v2\/product_tag?post=888"}],"curies":[{"name":"wp","href":"https:\/\/api.w.org\/{rel}","templated":true}]}}