{"id":900,"date":"2023-05-13T22:40:55","date_gmt":"2023-05-13T22:40:55","guid":{"rendered":"https:\/\/solucionsolar.cl\/solar\/producto\/automatico-1x10a-6k-c-ebasse\/"},"modified":"2023-05-13T22:40:55","modified_gmt":"2023-05-13T22:40:55","slug":"automatico-1x10a-6k-c-ebasse","status":"publish","type":"product","link":"https:\/\/solucionsolar.cl\/solar\/producto\/automatico-1x10a-6k-c-ebasse\/","title":{"rendered":"Autom\u00e1tico 1x10A 6K C EBASSE"},"content":{"rendered":"<p>Es un dispositivo de protecci\u00f3n el\u00e9ctrica que se utiliza para interrumpir el flujo de corriente en caso de sobrecarga o cortocircuito en un circuito el\u00e9ctrico. Este autom\u00e1tico tiene una capacidad de corriente de 10 amperios y una curva de disparo C, lo que significa que se activar\u00e1 en caso de sobrecargas moderadas y cortocircuitos de baja intensidad. Tiene un factor de disrupci\u00f3n de 6kA y es de tipo unipolar, lo que significa que solo interrumpe uno de los conductores del circuito el\u00e9ctrico. Este autom\u00e1tico es compatible con los cuadros el\u00e9ctricos EBASSE y es ideal para su uso en hogares, oficinas y lugares comerciales.<\/p>\n","protected":false},"excerpt":{"rendered":"<p>Es un dispositivo de protecci\u00f3n el\u00e9ctrica que se utiliza para interrumpir el flujo de corriente en caso de sobrecarga o cortocircuito en un circuito el\u00e9ctrico. Este autom\u00e1tico tiene una capacidad de corriente de 10 amperios y una curva de disparo C, lo que significa que se activar\u00e1 en caso de sobrecargas moderadas y cortocircuitos de baja intensidad. Tiene un factor [&hellip;]<\/p>\n","protected":false},"featured_media":899,"comment_status":"open","ping_status":"closed","template":"","meta":{"_joinchat":[]},"product_brand":[],"product_cat":[39,16],"product_tag":[],"class_list":{"0":"post-900","1":"product","2":"type-product","3":"status-publish","4":"has-post-thumbnail","6":"product_cat-automaticos","7":"product_cat-electricidad","9":"first","10":"instock","11":"shipping-taxable","12":"purchasable","13":"product-type-simple"},"ams_default_variation_id":0,"ams_product_points_reward":[],"ams_product_discount_percentage":0,"ams_price_to_display":1800,"ams_acf":[],"jetpack_sharing_enabled":true,"_links":{"self":[{"href":"https:\/\/solucionsolar.cl\/solar\/wp-json\/wp\/v2\/product\/900","targetHints":{"allow":["GET"]}}],"collection":[{"href":"https:\/\/solucionsolar.cl\/solar\/wp-json\/wp\/v2\/product"}],"about":[{"href":"https:\/\/solucionsolar.cl\/solar\/wp-json\/wp\/v2\/types\/product"}],"replies":[{"embeddable":true,"href":"https:\/\/solucionsolar.cl\/solar\/wp-json\/wp\/v2\/comments?post=900"}],"wp:featuredmedia":[{"embeddable":true,"href":"https:\/\/solucionsolar.cl\/solar\/wp-json\/wp\/v2\/media\/899"}],"wp:attachment":[{"href":"https:\/\/solucionsolar.cl\/solar\/wp-json\/wp\/v2\/media?parent=900"}],"wp:term":[{"taxonomy":"product_brand","embeddable":true,"href":"https:\/\/solucionsolar.cl\/solar\/wp-json\/wp\/v2\/product_brand?post=900"},{"taxonomy":"product_cat","embeddable":true,"href":"https:\/\/solucionsolar.cl\/solar\/wp-json\/wp\/v2\/product_cat?post=900"},{"taxonomy":"product_tag","embeddable":true,"href":"https:\/\/solucionsolar.cl\/solar\/wp-json\/wp\/v2\/product_tag?post=900"}],"curies":[{"name":"wp","href":"https:\/\/api.w.org\/{rel}","templated":true}]}}