{"id":918,"date":"2023-05-13T22:41:48","date_gmt":"2023-05-13T22:41:48","guid":{"rendered":"https:\/\/solucionsolar.cl\/solar\/producto\/tablero-sobrepuesto-pvc-12-polos-drl\/"},"modified":"2023-05-13T22:41:48","modified_gmt":"2023-05-13T22:41:48","slug":"tablero-sobrepuesto-pvc-12-polos-drl","status":"publish","type":"product","link":"https:\/\/solucionsolar.cl\/solar\/producto\/tablero-sobrepuesto-pvc-12-polos-drl\/","title":{"rendered":"Tablero sobrepuesto pvc 12 polos DRL"},"content":{"rendered":"<p>Es un dispositivo de protecci\u00f3n el\u00e9ctrica que permite alojar los interruptores y dispositivos necesarios para controlar y distribuir la energ\u00eda el\u00e9ctrica en una instalaci\u00f3n. El tablero cuenta con una cubierta de PVC resistente a la humedad y a la intemperie, lo que lo hace ideal para su uso en exteriores o en ambientes h\u00famedos. Adem\u00e1s, incluye un juego de 12 interruptores autom\u00e1ticos de 10A cada uno.<\/p>\n","protected":false},"excerpt":{"rendered":"<p>Es un dispositivo de protecci\u00f3n el\u00e9ctrica que permite alojar los interruptores y dispositivos necesarios para controlar y distribuir la energ\u00eda el\u00e9ctrica en una instalaci\u00f3n. El tablero cuenta con una cubierta de PVC resistente a la humedad y a la intemperie, lo que lo hace ideal para su uso en exteriores o en ambientes h\u00famedos. Adem\u00e1s, incluye un juego de 12 [&hellip;]<\/p>\n","protected":false},"featured_media":917,"comment_status":"open","ping_status":"closed","template":"","meta":{"_joinchat":[]},"product_brand":[],"product_cat":[16],"product_tag":[],"class_list":{"0":"post-918","1":"product","2":"type-product","3":"status-publish","4":"has-post-thumbnail","6":"product_cat-electricidad","8":"first","9":"instock","10":"shipping-taxable","11":"purchasable","12":"product-type-simple"},"ams_default_variation_id":0,"ams_product_points_reward":[],"ams_product_discount_percentage":0,"ams_price_to_display":10900,"ams_acf":[],"jetpack_sharing_enabled":true,"_links":{"self":[{"href":"https:\/\/solucionsolar.cl\/solar\/wp-json\/wp\/v2\/product\/918","targetHints":{"allow":["GET"]}}],"collection":[{"href":"https:\/\/solucionsolar.cl\/solar\/wp-json\/wp\/v2\/product"}],"about":[{"href":"https:\/\/solucionsolar.cl\/solar\/wp-json\/wp\/v2\/types\/product"}],"replies":[{"embeddable":true,"href":"https:\/\/solucionsolar.cl\/solar\/wp-json\/wp\/v2\/comments?post=918"}],"wp:featuredmedia":[{"embeddable":true,"href":"https:\/\/solucionsolar.cl\/solar\/wp-json\/wp\/v2\/media\/917"}],"wp:attachment":[{"href":"https:\/\/solucionsolar.cl\/solar\/wp-json\/wp\/v2\/media?parent=918"}],"wp:term":[{"taxonomy":"product_brand","embeddable":true,"href":"https:\/\/solucionsolar.cl\/solar\/wp-json\/wp\/v2\/product_brand?post=918"},{"taxonomy":"product_cat","embeddable":true,"href":"https:\/\/solucionsolar.cl\/solar\/wp-json\/wp\/v2\/product_cat?post=918"},{"taxonomy":"product_tag","embeddable":true,"href":"https:\/\/solucionsolar.cl\/solar\/wp-json\/wp\/v2\/product_tag?post=918"}],"curies":[{"name":"wp","href":"https:\/\/api.w.org\/{rel}","templated":true}]}}