{"id":996,"date":"2023-05-13T22:43:24","date_gmt":"2023-05-13T22:43:24","guid":{"rendered":"https:\/\/solucionsolar.cl\/solar\/producto\/interruptor-simple-9-12-10a-plata-blanco-lexo-nuevo\/"},"modified":"2023-05-13T22:43:24","modified_gmt":"2023-05-13T22:43:24","slug":"interruptor-simple-9-12-10a-plata-blanco-lexo-nuevo","status":"publish","type":"product","link":"https:\/\/solucionsolar.cl\/solar\/producto\/interruptor-simple-9-12-10a-plata-blanco-lexo-nuevo\/","title":{"rendered":"Interruptor Simple 9\/12 10A Plata\/Blanco LEXO NUEVO"},"content":{"rendered":"<p>El Interruptor Simple 9\/12 10A Plata\/Blanco LEXO NUEVO es un dispositivo el\u00e9ctrico dise\u00f1ado para interrumpir o conectar la corriente el\u00e9ctrica en un circuito el\u00e9ctrico dom\u00e9stico. Tiene una capacidad de carga m\u00e1xima de 10 amperios y est\u00e1 construido con materiales de alta calidad en color plata y blanco.<\/p>\n","protected":false},"excerpt":{"rendered":"<p>El Interruptor Simple 9\/12 10A Plata\/Blanco LEXO NUEVO es un dispositivo el\u00e9ctrico dise\u00f1ado para interrumpir o conectar la corriente el\u00e9ctrica en un circuito el\u00e9ctrico dom\u00e9stico. Tiene una capacidad de carga m\u00e1xima de 10 amperios y est\u00e1 construido con materiales de alta calidad en color plata y blanco.<\/p>\n","protected":false},"featured_media":995,"comment_status":"open","ping_status":"closed","template":"","meta":{"_joinchat":[]},"product_brand":[],"product_cat":[16],"product_tag":[],"class_list":{"0":"post-996","1":"product","2":"type-product","3":"status-publish","4":"has-post-thumbnail","6":"product_cat-electricidad","8":"first","9":"instock","10":"shipping-taxable","11":"purchasable","12":"product-type-simple"},"ams_default_variation_id":0,"ams_product_points_reward":[],"ams_product_discount_percentage":0,"ams_price_to_display":1800,"ams_acf":[],"jetpack_sharing_enabled":true,"_links":{"self":[{"href":"https:\/\/solucionsolar.cl\/solar\/wp-json\/wp\/v2\/product\/996","targetHints":{"allow":["GET"]}}],"collection":[{"href":"https:\/\/solucionsolar.cl\/solar\/wp-json\/wp\/v2\/product"}],"about":[{"href":"https:\/\/solucionsolar.cl\/solar\/wp-json\/wp\/v2\/types\/product"}],"replies":[{"embeddable":true,"href":"https:\/\/solucionsolar.cl\/solar\/wp-json\/wp\/v2\/comments?post=996"}],"wp:featuredmedia":[{"embeddable":true,"href":"https:\/\/solucionsolar.cl\/solar\/wp-json\/wp\/v2\/media\/995"}],"wp:attachment":[{"href":"https:\/\/solucionsolar.cl\/solar\/wp-json\/wp\/v2\/media?parent=996"}],"wp:term":[{"taxonomy":"product_brand","embeddable":true,"href":"https:\/\/solucionsolar.cl\/solar\/wp-json\/wp\/v2\/product_brand?post=996"},{"taxonomy":"product_cat","embeddable":true,"href":"https:\/\/solucionsolar.cl\/solar\/wp-json\/wp\/v2\/product_cat?post=996"},{"taxonomy":"product_tag","embeddable":true,"href":"https:\/\/solucionsolar.cl\/solar\/wp-json\/wp\/v2\/product_tag?post=996"}],"curies":[{"name":"wp","href":"https:\/\/api.w.org\/{rel}","templated":true}]}}